{"id":1353,"date":"2024-08-29T12:18:08","date_gmt":"2024-08-29T10:18:08","guid":{"rendered":"https:\/\/fundaciomonclinicbarcelona.cat\/profesionales\/"},"modified":"2024-08-29T12:18:09","modified_gmt":"2024-08-29T10:18:09","slug":"profesionales","status":"publish","type":"page","link":"https:\/\/fundaciomonclinicbarcelona.cat\/es\/profesionales\/","title":{"rendered":"Profesionales"},"content":{"rendered":"<p>[et_pb_section fb_built=\u00bb1&#8243; _builder_version=\u00bb4.20.2&#8243; _module_preset=\u00bbdefault\u00bb background_color=\u00bb#184887&#8243; global_colors_info=\u00bb{}\u00bb][et_pb_row _builder_version=\u00bb4.20.2&#8243; _module_preset=\u00bbdefault\u00bb global_colors_info=\u00bb{}\u00bb][et_pb_column type=\u00bb4_4&#8243; _builder_version=\u00bb4.20.2&#8243; _module_preset=\u00bbdefault\u00bb global_colors_info=\u00bb{}\u00bb][et_pb_post_title meta=\u00bboff\u00bb featured_image=\u00bboff\u00bb _builder_version=\u00bb4.20.2&#8243; _module_preset=\u00bbdefault\u00bb title_font=\u00bb|700|||||||\u00bb title_text_color=\u00bb#FFFFFF\u00bb custom_padding=\u00bb120px||120px||true|false\u00bb border_color_left=\u00bb#FFFFFF\u00bb global_colors_info=\u00bb{}\u00bb][\/et_pb_post_title][\/et_pb_column][\/et_pb_row][\/et_pb_section][et_pb_section fb_built=\u00bb1&#8243; admin_label=\u00bbLa nostra ra\u00f3 de ser\u00bb _builder_version=\u00bb4.20.2&#8243; _module_preset=\u00bbdefault\u00bb custom_padding=\u00bb100px||100px||true|false\u00bb locked=\u00bboff\u00bb collapsed=\u00bboff\u00bb global_colors_info=\u00bb{}\u00bb][et_pb_row _builder_version=\u00bb4.20.2&#8243; _module_preset=\u00bbdefault\u00bb global_colors_info=\u00bb{}\u00bb][et_pb_column type=\u00bb4_4&#8243; _builder_version=\u00bb4.20.2&#8243; _module_preset=\u00bbdefault\u00bb global_colors_info=\u00bb{}\u00bb][et_pb_text _builder_version=\u00bb4.20.2&#8243; _module_preset=\u00bbdefault\u00bb header_2_font=\u00bb|700|||||||\u00bb header_2_text_align=\u00bbleft\u00bb header_2_font_size=\u00bb34px\u00bb header_2_line_height=\u00bb1.2em\u00bb global_colors_info=\u00bb{}\u00bb]<\/p>\n<h1 style=\"text-align: center;\"><strong>Gesti\u00f3n y alta de Proyectos<\/strong><\/h1>\n<p>[\/et_pb_text][\/et_pb_column][\/et_pb_row][et_pb_row use_custom_gutter=\u00bbon\u00bb gutter_width=\u00bb2&#8243; module_id=\u00bbeixample\u00bb _builder_version=\u00bb4.20.2&#8243; _module_preset=\u00bbdefault\u00bb custom_margin=\u00bb50px||80px||false|false\u00bb custom_padding=\u00bb||||false|false\u00bb global_colors_info=\u00bb{}\u00bb][et_pb_column type=\u00bb4_4&#8243; _builder_version=\u00bb4.20.2&#8243; _module_preset=\u00bbdefault\u00bb global_colors_info=\u00bb{}\u00bb][et_pb_text _builder_version=\u00bb4.20.2&#8243; _module_preset=\u00bbdefault\u00bb text_text_color=\u00bb#707070&#8243; global_colors_info=\u00bb{}\u00bb]<\/p>\n<h3 class=\"p1\"><b>\u00bfQU\u00c9 ENCONTRAR\u00c1S AQU\u00cd?<\/b><\/h3>\n<p>\u00c9ste es un espacio de relaci\u00f3n entre los profesionales del Cl\u00ednic Barcelona y la Fundaci\u00f3n M\u00f3n Cl\u00ednic para facilitar y dar acceso a sus Proyectos y bolsas de remanentes con la Fundaci\u00f3n.<\/p>\n<p>Si eres profesional autorizado y quieres consultar tus proyectos como titular, aqu\u00ed acceder\u00e1s directamente. Una vez dentro se abrir\u00e1 un espacio en el que encontrar\u00e1s tus proyectos como titular (Proyectos Primarios), as\u00ed como tu Bolsa de remanentes (Proyecto secundario). <\/p>\n<p>Dentro de cada proyecto podr\u00e1s consultar en tiempo real el status del mismo (Activo, cerrado, Liquidado, etc..), los ingresos y gastos (clicando encima) aplicados, as\u00ed como el gestor del proyecto.<\/p>\n<p>Una vez liquidado un proyecto primario (imputados todos los ingresos y gastos) el margen pasa a la Bolsa de remanentes donde el profesional decide c\u00f3mo utilizarlo.<\/p>\n<p><strong><em><\/em><\/strong><\/p>\n<p>[\/et_pb_text][et_pb_button button_url=\u00bbhttps:\/\/projects.fmcb.cat\/\u00bb url_new_window=\u00bbon\u00bb button_text=\u00bbAcceso profesionales\u00bb _builder_version=\u00bb4.20.2&#8243; _module_preset=\u00bbdefault\u00bb hover_enabled=\u00bb0&#8243; global_colors_info=\u00bb{}\u00bb button_alignment=\u00bbcenter\u00bb sticky_enabled=\u00bb0&#8243;][\/et_pb_button][\/et_pb_column][\/et_pb_row][\/et_pb_section]<\/p>\n","protected":false},"excerpt":{"rendered":"<p>Gesti\u00f3n y alta de Proyectos\u00bfQU\u00c9 ENCONTRAR\u00c1S AQU\u00cd? \u00c9ste es un espacio de relaci\u00f3n entre los profesionales del Cl\u00ednic Barcelona y la Fundaci\u00f3n M\u00f3n Cl\u00ednic para facilitar y dar acceso a sus Proyectos y bolsas de remanentes con la Fundaci\u00f3n. Si eres profesional autorizado y quieres consultar tus proyectos como titular, aqu\u00ed acceder\u00e1s directamente. Una vez [&hellip;]<\/p>\n","protected":false},"author":3,"featured_media":0,"parent":0,"menu_order":0,"comment_status":"closed","ping_status":"closed","template":"","meta":{"_et_pb_use_builder":"on","_et_pb_old_content":"","_et_gb_content_width":"","inline_featured_image":false,"footnotes":""},"class_list":["post-1353","page","type-page","status-publish","hentry"],"_links":{"self":[{"href":"https:\/\/fundaciomonclinicbarcelona.cat\/es\/wp-json\/wp\/v2\/pages\/1353","targetHints":{"allow":["GET"]}}],"collection":[{"href":"https:\/\/fundaciomonclinicbarcelona.cat\/es\/wp-json\/wp\/v2\/pages"}],"about":[{"href":"https:\/\/fundaciomonclinicbarcelona.cat\/es\/wp-json\/wp\/v2\/types\/page"}],"author":[{"embeddable":true,"href":"https:\/\/fundaciomonclinicbarcelona.cat\/es\/wp-json\/wp\/v2\/users\/3"}],"replies":[{"embeddable":true,"href":"https:\/\/fundaciomonclinicbarcelona.cat\/es\/wp-json\/wp\/v2\/comments?post=1353"}],"version-history":[{"count":2,"href":"https:\/\/fundaciomonclinicbarcelona.cat\/es\/wp-json\/wp\/v2\/pages\/1353\/revisions"}],"predecessor-version":[{"id":1355,"href":"https:\/\/fundaciomonclinicbarcelona.cat\/es\/wp-json\/wp\/v2\/pages\/1353\/revisions\/1355"}],"wp:attachment":[{"href":"https:\/\/fundaciomonclinicbarcelona.cat\/es\/wp-json\/wp\/v2\/media?parent=1353"}],"curies":[{"name":"wp","href":"https:\/\/api.w.org\/{rel}","templated":true}]}}

<p>[et_pb_section fb_built=»1&#8243; _builder_version=»4.20.2&#8243; _module_preset=»default» background_color=»#184887&#8243; global_colors_info=»{}»][et_pb_row _builder_version=»4.20.2&#8243; _module_preset=»default» global_colors_info=»{}»][et_pb_column type=»4_4&#8243; _builder_version=»4.20.2&#8243; _module_preset=»default» global_colors_info=»{}»][et_pb_post_title meta=»off» featured_image=»off» _builder_version=»4.20.2&#8243; _module_preset=»default» title_font=»|700|||||||» title_text_color=»#FFFFFF» custom_padding=»120px||120px||true|false» border_color_left=»#FFFFFF» global_colors_info=»{}»][/et_pb_post_title][/et_pb_column][/et_pb_row][/et_pb_section][et_pb_section fb_built=»1&#8243; admin_label=»La nostra raó de ser» _builder_version=»4.20.2&#8243; _module_preset=»default» custom_padding=»100px||100px||true|false» locked=»off» collapsed=»off» global_colors_info=»{}»][et_pb_row _builder_version=»4.20.2&#8243; _module_preset=»default» global_colors_info=»{}»][et_pb_column type=»4_4&#8243; _builder_version=»4.20.2&#8243; _module_preset=»default» global_colors_info=»{}»][et_pb_text _builder_version=»4.20.2&#8243; _module_preset=»default» header_2_font=»|700|||||||» header_2_text_align=»left» header_2_font_size=»34px» header_2_line_height=»1.2em» global_colors_info=»{}»]</p>
<h1 style="text-align: center;"><strong>Gestión y alta de Proyectos</strong></h1>
<p>[/et_pb_text][/et_pb_column][/et_pb_row][et_pb_row use_custom_gutter=»on» gutter_width=»2&#8243; module_id=»eixample» _builder_version=»4.20.2&#8243; _module_preset=»default» custom_margin=»50px||80px||false|false» custom_padding=»||||false|false» global_colors_info=»{}»][et_pb_column type=»4_4&#8243; _builder_version=»4.20.2&#8243; _module_preset=»default» global_colors_info=»{}»][et_pb_text _builder_version=»4.20.2&#8243; _module_preset=»default» text_text_color=»#707070&#8243; global_colors_info=»{}»]</p>
<h3 class="p1"><b>¿QUÉ ENCONTRARÁS AQUÍ?</b></h3>
<p>Éste es un espacio de relación entre los profesionales del Clínic Barcelona y la Fundación Món Clínic para facilitar y dar acceso a sus Proyectos y bolsas de remanentes con la Fundación.</p>
<p>Si eres profesional autorizado y quieres consultar tus proyectos como titular, aquí accederás directamente. Una vez dentro se abrirá un espacio en el que encontrarás tus proyectos como titular (Proyectos Primarios), así como tu Bolsa de remanentes (Proyecto secundario). </p>
<p>Dentro de cada proyecto podrás consultar en tiempo real el status del mismo (Activo, cerrado, Liquidado, etc..), los ingresos y gastos (clicando encima) aplicados, así como el gestor del proyecto.</p>
<p>Una vez liquidado un proyecto primario (imputados todos los ingresos y gastos) el margen pasa a la Bolsa de remanentes donde el profesional decide cómo utilizarlo.</p>
<p><strong><em></em></strong></p>
<p>[/et_pb_text][et_pb_button button_url=»https://projects.fmcb.cat/» url_new_window=»on» button_text=»Acceso profesionales» _builder_version=»4.20.2&#8243; _module_preset=»default» hover_enabled=»0&#8243; global_colors_info=»{}» button_alignment=»center» sticky_enabled=»0&#8243;][/et_pb_button][/et_pb_column][/et_pb_row][/et_pb_section]</p>

<p>Gestión y alta de Proyectos¿QUÉ ENCONTRARÁS AQUÍ? Éste es un espacio de relación entre los profesionales del Clínic Barcelona y la Fundación Món Clínic para facilitar y dar acceso a sus Proyectos y bolsas de remanentes con la Fundación. Si eres profesional autorizado y quieres consultar tus proyectos como titular, aquí accederás directamente. Una vez [&hellip;]</p>
